{"id":26,"date":"2021-08-24T19:46:57","date_gmt":"2021-08-24T17:46:57","guid":{"rendered":"https:\/\/laurentpate-avocat.com\/?page_id=26"},"modified":"2021-09-13T14:45:27","modified_gmt":"2021-09-13T12:45:27","slug":"droit-social","status":"publish","type":"page","link":"https:\/\/laurentpate-avocat.com\/index.php\/droit-social\/","title":{"rendered":"Protection Sociale"},"content":{"rendered":"\n<div style=\"height:64px\" aria-hidden=\"true\" class=\"wp-block-spacer\"><\/div>\n\n\n\n<h3>Droit de la Protection Sociale<\/h3>\n\n\n\n<p>Le droit de la S\u00e9curit\u00e9 Sociale n&rsquo;a pas \u00e9t\u00e9 simplifi\u00e9 \u00e0 l&rsquo;issue de la derni\u00e8re r\u00e9forme. Il est enferm\u00e9 dans des d\u00e9lais de proc\u00e9dure stricts\u00a0dont l&rsquo;objet est de r\u00e9duire toujours\u00a0l&rsquo;acc\u00e8s des victimes \u00e0 la justice.<\/p>\n\n\n\n<p>Faire reconnaitre une maladie professionnelle, un accident du travail, contester un taux d&rsquo;incapacit\u00e9, demander une invalidit\u00e9, le statut&nbsp;de travailleur handicap\u00e9 : le cabinet vous accompagne devant les instances&nbsp;de la S\u00e9curit\u00e9 Sociale et devant les tribunaux avec le conseil de m\u00e9decins sp\u00e9cialis\u00e9s afin d&rsquo;obtenir la juste r\u00e9paration de votre pr\u00e9judice.&nbsp;<\/p>\n\n\n\n<h3>Fonctions Publiques<\/h3>\n\n\n\n<p>Nous accompagnons aussi les agents des fonctions publiques devant leurs instances professionnelles.<\/p>\n","protected":false},"excerpt":{"rendered":"<p>Droit de la Protection Sociale Le droit de la S\u00e9curit\u00e9 Sociale n&rsquo;a pas \u00e9t\u00e9 simplifi\u00e9 \u00e0 l&rsquo;issue de la derni\u00e8re r\u00e9forme. Il est enferm\u00e9 dans des d\u00e9lais de proc\u00e9dure stricts\u00a0dont l&rsquo;objet est de r\u00e9duire toujours\u00a0l&rsquo;acc\u00e8s des victimes \u00e0 la justice. Faire reconnaitre une maladie professionnelle, un accident du travail, contester un taux d&rsquo;incapacit\u00e9, demander une invalidit\u00e9, le statut&nbsp;de travailleur handicap\u00e9 : le cabinet vous accompagne devant les instances&nbsp;de la S\u00e9curit\u00e9 Sociale et devant les tribunaux avec le conseil de m\u00e9decins sp\u00e9cialis\u00e9s afin d&rsquo;obtenir la juste r\u00e9paration de votre pr\u00e9judice.&nbsp; Fonctions Publiques Nous accompagnons aussi les agents des fonctions publiques devant leurs instances professionnelles.<\/p>\n","protected":false},"author":1,"featured_media":0,"parent":0,"menu_order":0,"comment_status":"closed","ping_status":"closed","template":"","meta":[],"_links":{"self":[{"href":"https:\/\/laurentpate-avocat.com\/index.php\/wp-json\/wp\/v2\/pages\/26"}],"collection":[{"href":"https:\/\/laurentpate-avocat.com\/index.php\/wp-json\/wp\/v2\/pages"}],"about":[{"href":"https:\/\/laurentpate-avocat.com\/index.php\/wp-json\/wp\/v2\/types\/page"}],"author":[{"embeddable":true,"href":"https:\/\/laurentpate-avocat.com\/index.php\/wp-json\/wp\/v2\/users\/1"}],"replies":[{"embeddable":true,"href":"https:\/\/laurentpate-avocat.com\/index.php\/wp-json\/wp\/v2\/comments?post=26"}],"version-history":[{"count":9,"href":"https:\/\/laurentpate-avocat.com\/index.php\/wp-json\/wp\/v2\/pages\/26\/revisions"}],"predecessor-version":[{"id":267,"href":"https:\/\/laurentpate-avocat.com\/index.php\/wp-json\/wp\/v2\/pages\/26\/revisions\/267"}],"wp:attachment":[{"href":"https:\/\/laurentpate-avocat.com\/index.php\/wp-json\/wp\/v2\/media?parent=26"}],"curies":[{"name":"wp","href":"https:\/\/api.w.org\/{rel}","templated":true}]}}